{"id":20,"date":"2022-06-25T12:42:53","date_gmt":"2022-06-25T10:42:53","guid":{"rendered":"https:\/\/englishcharcot6e.blogs.laclasse.com\/?page_id=20"},"modified":"2022-07-06T16:53:58","modified_gmt":"2022-07-06T14:53:58","slug":"unit-2","status":"publish","type":"page","link":"https:\/\/englishcharcot6e.blogs.laclasse.com\/?page_id=20","title":{"rendered":"Unit 2"},"content":{"rendered":"<h1 style=\"text-align: center\"><span style=\"color: #333399\"> Good morning class!<\/span><\/h1>\n<h2><strong><span style=\"color: #ff6600\">Je suis capable de<\/span> <\/strong><\/h2>\n<ul>\n<li><span style=\"color: #ff6600\">comprendre et de parler d&#8217;un emploi du temps \u00e0 l&#8217;\u00e9cole<\/span><\/li>\n<li><span style=\"color: #ff6600\">comprendre des ordres (imp\u00e9ratif + lexique verbe)<\/span><\/li>\n<\/ul>\n","protected":false},"excerpt":{"rendered":"<p>Good morning class! Je suis capable de comprendre et de parler d&#8217;un emploi du temps \u00e0 l&#8217;\u00e9cole comprendre des ordres (imp\u00e9ratif + lexique verbe)<\/p>\n","protected":false},"author":1078,"featured_media":0,"parent":0,"menu_order":0,"comment_status":"closed","ping_status":"closed","template":"","meta":{"_bbp_topic_count":0,"_bbp_reply_count":0,"_bbp_total_topic_count":0,"_bbp_total_reply_count":0,"_bbp_voice_count":0,"_bbp_anonymous_reply_count":0,"_bbp_topic_count_hidden":0,"_bbp_reply_count_hidden":0,"_bbp_forum_subforum_count":0,"footnotes":""},"class_list":["post-20","page","type-page","status-publish","hentry"],"_links":{"self":[{"href":"https:\/\/englishcharcot6e.blogs.laclasse.com\/index.php?rest_route=\/wp\/v2\/pages\/20","targetHints":{"allow":["GET"]}}],"collection":[{"href":"https:\/\/englishcharcot6e.blogs.laclasse.com\/index.php?rest_route=\/wp\/v2\/pages"}],"about":[{"href":"https:\/\/englishcharcot6e.blogs.laclasse.com\/index.php?rest_route=\/wp\/v2\/types\/page"}],"author":[{"embeddable":true,"href":"https:\/\/englishcharcot6e.blogs.laclasse.com\/index.php?rest_route=\/wp\/v2\/users\/1078"}],"replies":[{"embeddable":true,"href":"https:\/\/englishcharcot6e.blogs.laclasse.com\/index.php?rest_route=%2Fwp%2Fv2%2Fcomments&post=20"}],"version-history":[{"count":5,"href":"https:\/\/englishcharcot6e.blogs.laclasse.com\/index.php?rest_route=\/wp\/v2\/pages\/20\/revisions"}],"predecessor-version":[{"id":414,"href":"https:\/\/englishcharcot6e.blogs.laclasse.com\/index.php?rest_route=\/wp\/v2\/pages\/20\/revisions\/414"}],"wp:attachment":[{"href":"https:\/\/englishcharcot6e.blogs.laclasse.com\/index.php?rest_route=%2Fwp%2Fv2%2Fmedia&parent=20"}],"curies":[{"name":"wp","href":"https:\/\/api.w.org\/{rel}","templated":true}]}}