{"id":280,"date":"2022-07-05T11:45:07","date_gmt":"2022-07-05T09:45:07","guid":{"rendered":"https:\/\/englishcharcot6e.blogs.laclasse.com\/?page_id=280"},"modified":"2022-07-05T12:14:46","modified_gmt":"2022-07-05T10:14:46","slug":"can","status":"publish","type":"page","link":"https:\/\/englishcharcot6e.blogs.laclasse.com\/?page_id=280","title":{"rendered":"Can"},"content":{"rendered":"<p><img decoding=\"async\" class=\"alignnone wp-image-260\" src=\"https:\/\/englishcharcot6e.blogs.laclasse.com\/wp-content\/uploads\/sites\/4701\/2022\/07\/Logo-Couleur1.jpg\" alt=\"\" width=\"131\" height=\"71\" \/><\/p>\n<h1 style=\"text-align: center\"><strong><span style=\"color: #993300\">Can, can&#8217;t = cannot<br \/>\n<\/span><\/strong><\/h1>\n<div class=\"wWOJcd\" role=\"button\" aria-labelledby=\"exacc_VA7EYpqZL9GalwSnnJHgCQ1\">\n<div class=\"LGOjhe\" role=\"heading\" data-attrid=\"wa:\/description\" data-hveid=\"CAcQAA\"><span class=\"ILfuVd\" lang=\"fr\"><span class=\"hgKElc\"><span style=\"color: #993300\"> &#8221; <\/span><b><span style=\"color: #993300\">can&#8221;<\/span> <\/b>e<span style=\"color: #000080\">st un auxiliaire modal qui s&#8217;utilise soit \u00e0 la forme affirmative, soit \u00e0 la forme interrogative. Il s&#8217;utilise toujours avec une base verbale et un sujet. Il est \u00e9galement<\/span> <strong><span style=\"color: #993300\">invariable<\/span><\/strong> <span style=\"color: #000080\">qu&#8217;importe le sujet.<\/span> <\/span><\/span><\/div>\n<\/div>\n<div class=\"tac_view_genial_ly\" data-content=\"PGlmcmFtZSBjbGFzcz0id3AtZW1iZWRkZWQtY29udGVudCIgc2FuZGJveD0iYWxsb3ctc2NyaXB0cyIgc2VjdXJpdHk9InJlc3RyaWN0ZWQiIHRpdGxlPSI2w6htZSB1bml0IDIgY2FuIiBmcmFtZWJvcmRlcj0iMCIgd2lkdGg9IjEyMDAiIGhlaWdodD0iNjc1IiBzcmM9Imh0dHBzOi8vdmlldy5nZW5pYWxseS5jb20vNjJjMzAzYmZhNDg5OWEwMDExMTAxYzA3Iz9zZWNyZXQ9a0hBMEtTd2d1RCIgZGF0YS1zZWNyZXQ9ImtIQTBLU3dndUQiIHNjcm9sbGluZz0ieWVzIj48L2lmcmFtZT4=\"><\/div>\n<p><script type=\"text\/javascript\">createGenericTACService('view_genial_ly', 'view.genial.ly', null);<\/script><\/p>\n<div class=\"tac_view_genial_ly\" data-content=\"PGlmcmFtZSBjbGFzcz0id3AtZW1iZWRkZWQtY29udGVudCIgc2FuZGJveD0iYWxsb3ctc2NyaXB0cyIgc2VjdXJpdHk9InJlc3RyaWN0ZWQiIHRpdGxlPSJjYW4gNsOobWUiIGZyYW1lYm9yZGVyPSIwIiB3aWR0aD0iMTIwMCIgaGVpZ2h0PSI2NzUiIHNyYz0iaHR0cHM6Ly92aWV3LmdlbmlhbGx5LmNvbS82MmM0MDZmN2VhMmUyMTAwMThkYTJmOTIjP3NlY3JldD1mYVRndFJWWXVxIiBkYXRhLXNlY3JldD0iZmFUZ3RSVll1cSIgc2Nyb2xsaW5nPSJ5ZXMiPjwvaWZyYW1lPg==\"><\/div>\n<p><script type=\"text\/javascript\">createGenericTACService('view_genial_ly', 'view.genial.ly', null);<\/script><\/p>\n","protected":false},"excerpt":{"rendered":"<p>Can, can&#8217;t = cannot &#8221; can&#8221; est un auxiliaire modal qui s&#8217;utilise soit \u00e0 la forme affirmative, soit \u00e0 la forme interrogative. Il s&#8217;utilise toujours avec une base verbale et un sujet. Il est \u00e9galement invariable qu&#8217;importe le sujet.<\/p>\n","protected":false},"author":1078,"featured_media":0,"parent":176,"menu_order":6,"comment_status":"closed","ping_status":"closed","template":"","meta":{"_bbp_topic_count":0,"_bbp_reply_count":0,"_bbp_total_topic_count":0,"_bbp_total_reply_count":0,"_bbp_voice_count":0,"_bbp_anonymous_reply_count":0,"_bbp_topic_count_hidden":0,"_bbp_reply_count_hidden":0,"_bbp_forum_subforum_count":0,"footnotes":""},"class_list":["post-280","page","type-page","status-publish","hentry"],"_links":{"self":[{"href":"https:\/\/englishcharcot6e.blogs.laclasse.com\/index.php?rest_route=\/wp\/v2\/pages\/280","targetHints":{"allow":["GET"]}}],"collection":[{"href":"https:\/\/englishcharcot6e.blogs.laclasse.com\/index.php?rest_route=\/wp\/v2\/pages"}],"about":[{"href":"https:\/\/englishcharcot6e.blogs.laclasse.com\/index.php?rest_route=\/wp\/v2\/types\/page"}],"author":[{"embeddable":true,"href":"https:\/\/englishcharcot6e.blogs.laclasse.com\/index.php?rest_route=\/wp\/v2\/users\/1078"}],"replies":[{"embeddable":true,"href":"https:\/\/englishcharcot6e.blogs.laclasse.com\/index.php?rest_route=%2Fwp%2Fv2%2Fcomments&post=280"}],"version-history":[{"count":5,"href":"https:\/\/englishcharcot6e.blogs.laclasse.com\/index.php?rest_route=\/wp\/v2\/pages\/280\/revisions"}],"predecessor-version":[{"id":293,"href":"https:\/\/englishcharcot6e.blogs.laclasse.com\/index.php?rest_route=\/wp\/v2\/pages\/280\/revisions\/293"}],"up":[{"embeddable":true,"href":"https:\/\/englishcharcot6e.blogs.laclasse.com\/index.php?rest_route=\/wp\/v2\/pages\/176"}],"wp:attachment":[{"href":"https:\/\/englishcharcot6e.blogs.laclasse.com\/index.php?rest_route=%2Fwp%2Fv2%2Fmedia&parent=280"}],"curies":[{"name":"wp","href":"https:\/\/api.w.org\/{rel}","templated":true}]}}